 = z - 31. What are the prime factors of r?
2, 7
What are the prime factors of 2 + (106/6)/(6/72)?
2, 107
Let w(t) = -3*t - 6. Let h(n) = n - 18. Let u be h(14). Let m be w(u). What are the prime factors of ((-9)/(-3)*m)/1?
2, 3
Let m be (48/(-64))/((-2)/(-8)). List the prime factors of 880/70 - m*1/7.
13
Suppose 0 = 5*p + 4*i - 142, 4*p + p = -i + 133. Suppose -r + 22 = -p. List the prime factors of r.
2, 3
Suppose 0 = -7*k + 4*k + 2*i + 17, 2*k - 15 = 5*i. Suppose 3*g - 560 = -4*d - 0*g, -k*d - 4*g = -699. List the prime factors of d.
11, 13
Let a = -470 - -1517. What are the prime factors of a?
3, 349
Suppose -8*h + i - 184 = -3*h, -h + 5*i - 56 = 0. Let g = h + 61. Suppose 3*f - 4*f + g = 0. List the prime factors of f.
5
Suppose 5*l - 84 + 276 = -2*b, 4*b + 368 = -2*l. Let m = -36 - b. List the prime factors of m.
5, 11
Let d be ((-2)/1)/(-1) - 71. Let s = 30 - d. What are the prime factors of s?
3, 11
Let v(o) = -o + 2*o + 0 + 16. Let x be v(-11). Suppose 90 = 8*p - x*p. What are the prime factors of p?
2, 3, 5
What are the prime factors of (141 + 50)/((-1)/(-10))?
2, 5, 191
Let m(o) = 4*o**2 + 25*o + 66. List the prime factors of m(-14).
2, 5
Let j(s) = -93*s + 2899. List the prime factors of j(0).
13, 223
Let f(s) be the second derivative of -s**5/20 + s**4/2 + 2*s**2 + 5*s. Suppose -13*k + 10 = -11*k. List the prime factors of f(k).
29
Suppose 5161 = 9*n - 36482. List the prime factors of n.
7, 661
What are the prime factors of (40/100)/(3/35355) - -3?
53, 89
Let m(x) = -x**3 - 9*x**2 + 35*x. Let k be m(-12). Let d = k - -161. What are the prime factors of d?
173
Suppose 9*r - 2*r + 1463 = 0. Let y = r + 300. What are the prime factors of y?
7, 13
List the prime factors of ((-253*3)/3)/(-1).
11, 23
Suppose -i - 2*b + 117 = 0, -218 = -2*i + 5*b - b. Let c = i - 71. List the prime factors of c.
2, 3, 7
Let p(c) = -14*c**3 + 2*c**2 - c. Let a be p(1). Let x = -18 - a. Let m(g) = g**3 + 5*g**2 - 3*g + 7. What are the prime factors of m(x)?
2, 11
Suppose 13*i = 10*i + 57. Suppose 5*r - 33 = -k, 3*k = -0*r + r + i. List the prime factors of k.
2
Suppose -3780 = v - 13*v. What are the prime factors of v?
3, 5, 7
Let j(o) = o**3 + o**2 + o + 1. Let n be j(-1). Suppose 3*f - q - 2 = 40, 3*q = -2*f + 28. Suppose 3*i - f - 49 = n. List the prime factors of i.
3, 7
Let f(d) be the third derivative of 11/60*d**5 + 0 - d**3 - 3/8*d**4 + 6*d**2 - 1/120*d**6 + 0*d. What are the prime factors of f(10)?
2
Let f(z) = -z + 0*z**2 - 19 + 2*z**2 - 17*z. Let t be f(13). Suppose -3*y + t = 4*g, -y + 21 = g - 9. List the prime factors of y.
5, 7
Let j(u) = -u**2 - 7*u - 8. Let b be j(-5). Let k be b/6 - (-70)/42. Suppose k*x - 3 - 3 = 0. What are the prime factors of x?
3
Let u(j) be the first derivative of 4*j - 3/2*j**2 + 2/3*j**3 + 1/4*j**4 - 3. List the prime factors of u(-3).
2
Let m = -563 + 1251. What are the prime factors of m?
2, 43
Let r(m) = 150*m**2 + 50*m + 2. List the prime factors of r(-3).
2, 601
Let a be (-28)/(-21)*6/(-1). Let o = a - -34. What are the prime factors of o?
2, 13
Suppose 4*a - 380 = -0*a. List the prime factors of 9*(-5)/((-75)/a).
3, 19
Let h(v) = -v**3 - 5*v**2 + 5*v - 6. Let u be h(-10). Suppose 3*k = u + 162. What are the prime factors of k?
2, 101
Let h(z) = 129*z + 40. What are the prime factors of h(35)?
5, 911
Let b = -25 + 28. Suppose b*v - o - 100 = 0, -v - 4*v + 5*o = -180. List the prime factors of v.
2
Let t(d) = 11*d - 2. Suppose -3*f - 48 = -69. What are the prime factors of t(f)?
3, 5
What are the prime factors of (-3 + -1)/(4/(-584))?
2, 73
Suppose -1 = -b - y + 2, 5*b - 5*y = 15. Let x(r) = -r**3 + 2*r**2 + 5*r - 3. Let q be x(b). Suppose 50 = q*j - 4. What are the prime factors of j?
2, 3
Suppose -5*z + 130 - 105 = 0. Let y(r) = r**3 - 2*r**2 + 2*r - 2. Let m be y(3). Suppose m = -z*s + 78. What are the prime factors of s?
13
Let v(f) = 2*f**2 + 12*f - 146. Let s be v(9). Let g be (-295)/4 + 1/(-4). Let j = g + s. List the prime factors of j.
2, 5
Let d(t) = 121*t + 10. List the prime factors of d(3).
373
Let g(u) = 41*u**3 + 3*u**2 - u - 1. Suppose 3*r - 8 = 5*o - 0*o, -1 = r + 2*o. List the prime factors of g(r).
2, 3, 7
Let w(n) = 7*n**2 + 35*n - 200. What are the prime factors of w(-15)?
2, 5, 17
Let l = 383 - 217. Let b = -114 + l. What are the prime factors of b?
2, 13
Let j = 281 + -9. List the prime factors of j.
2, 17
Suppose 25 = 3*z - 11. Let q = 6 - -5. Let u = q + z. List the prime factors of u.
23
Suppose 0 = -4*i - 4*b + 1472, -4*i + 1038 = b - 419. List the prime factors of i.
3, 11
Suppose -6*n = -n - 15. Suppose 0 = 5*h - n*k - 26, 2*k = -0*h + h - 8. Suppose 3*c = -5*u + 49, -1 + 78 = h*c - 5*u. List the prime factors of c.
2, 3
Let a(f) = -21 - 4*f + 0*f + 2*f. List the prime factors of a(-13).
5
Suppose 48 = 2*p - 66. Let o = p + 9. Suppose -5*n + n + 114 = -k, 2*n - o = -4*k. List the prime factors of n.
29
List the prime factors of 1084*((-66)/(-12) + -5).
2, 271
Suppose 0*n + 96 = -4*n. Let u = n - -26. Suppose 6*p - u*p = 44. What are the prime factors of p?
11
Let g(x) = -27*x - 129. Let y(h) = -13*h - 64. Let p(z) = -4*g(z) + 9*y(z). List the prime factors of p(-11).
3, 13
Let r(f) = -6*f + 9. Let c be r(7). Suppose 13 - 49 = -3*a. What are the prime factors of (-1)/(-4) - c/a?
3
Let v(l) = 3*l**2 - 18*l + 67. What are the prime factors of v(15)?
2, 59
Let u = -1352 - -4364. List the prime factors of u.
2, 3, 251
Let z(s) = s**2 - 9*s + 6. Let n be z(9). Let r(h) = h - 4. Let i be r(n). Suppose -2*v = -i*a - 38, -2*a - 3 = -a. List the prime factors of v.
2
Suppose -6*t + 84 = 24. What are the prime factors of ((-84)/t)/(4/(-20))?
2, 3, 7
Let o(q) be the second derivative of q**5/20 + 19*q**4/12 - 19*q**3/6 + 11*q**2 + 28*q. List the prime factors of o(-20).
2
Suppose 5*k - 4 = -2*f + 2*k, k - 2 = 0. List the prime factors of 6 - 6 - f*3.
3
Let r be 1*(-5)/((-3)/3). Suppose -r*y + 3*g = 29 - 5, 5*g - 30 = 5*y. List the prime factors of 9/(-15)*y*15.
3
List the prime factors of 945/3 - (18 - 18).
3, 5, 7
Let d(s) = -s**2 - s + 1. Let n(o) = 12*o**2 - 13. Let g(t) = 5*d(t) + n(t). List the prime factors of g(5).
2, 71
Suppose -169*n + 7784 = -162*n. What are the prime factors of n?
2, 139
Let c(g) = 932*g**3 - 26*g + 25. What are the prime factors of c(1)?
7, 19
Let t be -1 - ((0 - -3 - 6) + -290). Suppose -7*m = -t - 786. What are the prime factors of m?
2, 7, 11
Let d(o) = -o**3 - 7*o**2 + 4. Let s be d(-5). Let l = s + 95. List the prime factors of l.
7
Let q(l) = l**3 + 11*l**2 - 2*l - 7. Let v(h) = -5*h**3 - 56*h**2 + 11*h + 35. Let z(s) = -11*q(s) - 2*v(s). What are the prime factors of z(-9)?
7
Suppose -17*t - 4416 = -25*t. What are the prime factors of t?
2, 3, 23
Suppose 18*q = -11624 + 29246. List the prime factors of q.
11, 89
Let v be 33/7 - (-10)/35. Suppose 307 = 4*h - 5*k, -v*k + k + 20 = 0. What are the prime factors of h?
83
Suppose -1329*d = -1335*d + 11520. What are the prime factors of d?
2, 3, 5
Let s be (-386)/(-14) + 4/(-7). Suppose -5*w + s = v - 92, 4*v = w + 518. List the prime factors of v.
3, 43
Let t = 15 - 12. Suppose 4*v = -t + 19. Suppose v*i = 3*l - 71, -4*l + 2*i - i + 86 = 0. List the prime factors of l.
3, 7
Let f(x) = 11*x**2 + 4*x - 5. Let q be f(2). Suppose 0 = 3*k + 5*z - 85, 2*k = 5*z + 43 + q. List the prime factors of k.
5, 7
What are the prime factors of (-14)/21 - (-1)/3*2411?
11, 73
Suppose -10 = -2*k, 5*w - 3*k + 11 = -24. List the prime factors of w + -39*((-3)/(-3))/(-1).
5, 7
Suppose -3*n + 8*n = 15. List the prime factors of n + (1 - 3*-51).
157
Let s(m) = -m + 1. Let w be s(-2). Suppose w*r = -3*d + 120, -4*r - 193 = -5*d - 2. What are the prime factors of d?
3, 13
Suppose -4*i - 3*f - 18 = 0, -4*i - 38 = i - 4*f. Let o(p) = p + 3. Let k be o(i). Let x(h) = 7*h**2 - 2*h - 1. What are the prime factors of x(k)?
2, 17
Suppose 0 = 3*x, 7*z = 4*z + 5*x - 3. Let h be (-2)/z*(1 - -8). What are the prime factors of 10/45 + 212/h?
2, 3
Let o = 4 + -1. Suppose 0 = -o*y - 2*y - 210. Let m = 72 + y. What are the prime factors of m?
2, 3, 5
Let o be (-1406)/(-10) + 5/((-50)/(-4)). Suppose 0 = -t + 4. Suppose 13 = -t*n + o. What are the prime factors of n?
2
Suppose -2*o = -s - 1124, 4*s = -11*o + 10*o + 580. What are the prime factors of (